{"id":57,"date":"2019-11-22T09:53:23","date_gmt":"2019-11-22T09:53:23","guid":{"rendered":"https:\/\/rlsekonomi.se\/?page_id=57"},"modified":"2024-04-08T12:41:04","modified_gmt":"2024-04-08T12:41:04","slug":"kontakt","status":"publish","type":"page","link":"https:\/\/rlsekonomi.se\/?page_id=57","title":{"rendered":"Kontakt"},"content":{"rendered":"<div id=\"dslc-theme-content\"><div id=\"dslc-theme-content-inner\">\n<p><\/p>\n\n\n\n<p class=\"has-text-align-center has-large-font-size\"><strong>072 897 61 09<\/strong><\/p>\n\n\n\n<p class=\"has-text-align-center\"><\/p>\n\n\n\n<p class=\"has-text-align-center\"><strong>Gunnar Ax\u00e9n<\/strong>, gunnar@rlsekonomi.se, 070 818 49 17<\/p>\n\n\n\n<p class=\"has-text-align-center\"><strong>Gina Gabro,<\/strong> Redovisningskonsult, gina@rlsekonomi.se, 072 897 61 08<\/p>\n\n\n\n<p class=\"has-text-align-center\"><strong>Lina Malm<\/strong>, Redovisningskonsult, lina@rlsekonomi.se, 072 897 61 09<\/p>\n\n\n\n<p class=\"has-text-align-center\"><strong>Sandra Trodell<\/strong>, Redovisningskonsult, sandra@rlsekonomi.se, 072 897 66 53 <\/p>\n\n\n\n<p><\/p>\n<\/div><\/div>","protected":false},"excerpt":{"rendered":"<p>072 897 61 09 Gunnar Ax\u00e9n, gunnar@rlsekonomi.se, 070 818 49 17 Gina Gabro, Redovisningskonsult, gina@rlsekonomi.se, 072 897 61 08 Lina Malm, Redovisningskonsult, lina@rlsekonomi.se, 072 897 61 09 Sandra Trodell, Redovisningskonsult, sandra@rlsekonomi.se, 072 897 66 53<\/p>\n","protected":false},"author":1,"featured_media":0,"parent":0,"menu_order":0,"comment_status":"closed","ping_status":"open","template":"","meta":{"footnotes":""},"class_list":["post-57","page","type-page","status-publish","hentry"],"aioseo_notices":[],"yoast_head":"<!-- This site is optimized with the Yoast SEO plugin v26.1 - https:\/\/yoast.com\/wordpress\/plugins\/seo\/ -->\n<title>Kontakt - Startsida<\/title>\n<meta name=\"robots\" content=\"index, follow, max-snippet:-1, max-image-preview:large, max-video-preview:-1\" \/>\n<link rel=\"canonical\" href=\"https:\/\/rlsekonomi.se\/?page_id=57\" \/>\n<meta property=\"og:locale\" content=\"en_US\" \/>\n<meta property=\"og:type\" content=\"article\" \/>\n<meta property=\"og:title\" content=\"Kontakt - Startsida\" \/>\n<meta property=\"og:description\" content=\"072 897 61 09 Gunnar Ax\u00e9n, gunnar@rlsekonomi.se, 070 818 49 17 Gina Gabro, Redovisningskonsult, gina@rlsekonomi.se, 072 897 61 08 Lina Malm, Redovisningskonsult, lina@rlsekonomi.se, 072 897 61 09 Sandra Trodell, Redovisningskonsult, sandra@rlsekonomi.se, 072 897 66 53\" \/>\n<meta property=\"og:url\" content=\"https:\/\/rlsekonomi.se\/?page_id=57\" \/>\n<meta property=\"og:site_name\" content=\"Startsida\" \/>\n<meta property=\"article:modified_time\" content=\"2024-04-08T12:41:04+00:00\" \/>\n<meta name=\"twitter:card\" content=\"summary_large_image\" \/>\n<script type=\"application\/ld+json\" class=\"yoast-schema-graph\">{\"@context\":\"https:\/\/schema.org\",\"@graph\":[{\"@type\":\"WebPage\",\"@id\":\"https:\/\/rlsekonomi.se\/?page_id=57\",\"url\":\"https:\/\/rlsekonomi.se\/?page_id=57\",\"name\":\"Kontakt - Startsida\",\"isPartOf\":{\"@id\":\"https:\/\/rlsekonomi.se\/#website\"},\"datePublished\":\"2019-11-22T09:53:23+00:00\",\"dateModified\":\"2024-04-08T12:41:04+00:00\",\"breadcrumb\":{\"@id\":\"https:\/\/rlsekonomi.se\/?page_id=57#breadcrumb\"},\"inLanguage\":\"en-US\",\"potentialAction\":[{\"@type\":\"ReadAction\",\"target\":[\"https:\/\/rlsekonomi.se\/?page_id=57\"]}]},{\"@type\":\"BreadcrumbList\",\"@id\":\"https:\/\/rlsekonomi.se\/?page_id=57#breadcrumb\",\"itemListElement\":[{\"@type\":\"ListItem\",\"position\":1,\"name\":\"Home\",\"item\":\"https:\/\/rlsekonomi.se\/\"},{\"@type\":\"ListItem\",\"position\":2,\"name\":\"Kontakt\"}]},{\"@type\":\"WebSite\",\"@id\":\"https:\/\/rlsekonomi.se\/#website\",\"url\":\"https:\/\/rlsekonomi.se\/\",\"name\":\"Startsida\",\"description\":\"F\u00f6retagarens b\u00e4sta v\u00e4n\",\"publisher\":{\"@id\":\"https:\/\/rlsekonomi.se\/#organization\"},\"potentialAction\":[{\"@type\":\"SearchAction\",\"target\":{\"@type\":\"EntryPoint\",\"urlTemplate\":\"https:\/\/rlsekonomi.se\/?s={search_term_string}\"},\"query-input\":{\"@type\":\"PropertyValueSpecification\",\"valueRequired\":true,\"valueName\":\"search_term_string\"}}],\"inLanguage\":\"en-US\"},{\"@type\":\"Organization\",\"@id\":\"https:\/\/rlsekonomi.se\/#organization\",\"name\":\"Startsida\",\"url\":\"https:\/\/rlsekonomi.se\/\",\"logo\":{\"@type\":\"ImageObject\",\"inLanguage\":\"en-US\",\"@id\":\"https:\/\/rlsekonomi.se\/#\/schema\/logo\/image\/\",\"url\":\"https:\/\/rlsekonomi.se\/wp-content\/uploads\/2019\/11\/cropped-cropped-RLS-stor-12.jpg\",\"contentUrl\":\"https:\/\/rlsekonomi.se\/wp-content\/uploads\/2019\/11\/cropped-cropped-RLS-stor-12.jpg\",\"width\":1100,\"height\":348,\"caption\":\"Startsida\"},\"image\":{\"@id\":\"https:\/\/rlsekonomi.se\/#\/schema\/logo\/image\/\"}}]}<\/script>\n<!-- \/ Yoast SEO plugin. -->","yoast_head_json":{"title":"Kontakt - Startsida","robots":{"index":"index","follow":"follow","max-snippet":"max-snippet:-1","max-image-preview":"max-image-preview:large","max-video-preview":"max-video-preview:-1"},"canonical":"https:\/\/rlsekonomi.se\/?page_id=57","og_locale":"en_US","og_type":"article","og_title":"Kontakt - Startsida","og_description":"072 897 61 09 Gunnar Ax\u00e9n, gunnar@rlsekonomi.se, 070 818 49 17 Gina Gabro, Redovisningskonsult, gina@rlsekonomi.se, 072 897 61 08 Lina Malm, Redovisningskonsult, lina@rlsekonomi.se, 072 897 61 09 Sandra Trodell, Redovisningskonsult, sandra@rlsekonomi.se, 072 897 66 53","og_url":"https:\/\/rlsekonomi.se\/?page_id=57","og_site_name":"Startsida","article_modified_time":"2024-04-08T12:41:04+00:00","twitter_card":"summary_large_image","schema":{"@context":"https:\/\/schema.org","@graph":[{"@type":"WebPage","@id":"https:\/\/rlsekonomi.se\/?page_id=57","url":"https:\/\/rlsekonomi.se\/?page_id=57","name":"Kontakt - Startsida","isPartOf":{"@id":"https:\/\/rlsekonomi.se\/#website"},"datePublished":"2019-11-22T09:53:23+00:00","dateModified":"2024-04-08T12:41:04+00:00","breadcrumb":{"@id":"https:\/\/rlsekonomi.se\/?page_id=57#breadcrumb"},"inLanguage":"en-US","potentialAction":[{"@type":"ReadAction","target":["https:\/\/rlsekonomi.se\/?page_id=57"]}]},{"@type":"BreadcrumbList","@id":"https:\/\/rlsekonomi.se\/?page_id=57#breadcrumb","itemListElement":[{"@type":"ListItem","position":1,"name":"Home","item":"https:\/\/rlsekonomi.se\/"},{"@type":"ListItem","position":2,"name":"Kontakt"}]},{"@type":"WebSite","@id":"https:\/\/rlsekonomi.se\/#website","url":"https:\/\/rlsekonomi.se\/","name":"Startsida","description":"F\u00f6retagarens b\u00e4sta v\u00e4n","publisher":{"@id":"https:\/\/rlsekonomi.se\/#organization"},"potentialAction":[{"@type":"SearchAction","target":{"@type":"EntryPoint","urlTemplate":"https:\/\/rlsekonomi.se\/?s={search_term_string}"},"query-input":{"@type":"PropertyValueSpecification","valueRequired":true,"valueName":"search_term_string"}}],"inLanguage":"en-US"},{"@type":"Organization","@id":"https:\/\/rlsekonomi.se\/#organization","name":"Startsida","url":"https:\/\/rlsekonomi.se\/","logo":{"@type":"ImageObject","inLanguage":"en-US","@id":"https:\/\/rlsekonomi.se\/#\/schema\/logo\/image\/","url":"https:\/\/rlsekonomi.se\/wp-content\/uploads\/2019\/11\/cropped-cropped-RLS-stor-12.jpg","contentUrl":"https:\/\/rlsekonomi.se\/wp-content\/uploads\/2019\/11\/cropped-cropped-RLS-stor-12.jpg","width":1100,"height":348,"caption":"Startsida"},"image":{"@id":"https:\/\/rlsekonomi.se\/#\/schema\/logo\/image\/"}}]}},"_links":{"self":[{"href":"https:\/\/rlsekonomi.se\/index.php?rest_route=\/wp\/v2\/pages\/57","targetHints":{"allow":["GET"]}}],"collection":[{"href":"https:\/\/rlsekonomi.se\/index.php?rest_route=\/wp\/v2\/pages"}],"about":[{"href":"https:\/\/rlsekonomi.se\/index.php?rest_route=\/wp\/v2\/types\/page"}],"author":[{"embeddable":true,"href":"https:\/\/rlsekonomi.se\/index.php?rest_route=\/wp\/v2\/users\/1"}],"replies":[{"embeddable":true,"href":"https:\/\/rlsekonomi.se\/index.php?rest_route=%2Fwp%2Fv2%2Fcomments&post=57"}],"version-history":[{"count":13,"href":"https:\/\/rlsekonomi.se\/index.php?rest_route=\/wp\/v2\/pages\/57\/revisions"}],"predecessor-version":[{"id":276,"href":"https:\/\/rlsekonomi.se\/index.php?rest_route=\/wp\/v2\/pages\/57\/revisions\/276"}],"wp:attachment":[{"href":"https:\/\/rlsekonomi.se\/index.php?rest_route=%2Fwp%2Fv2%2Fmedia&parent=57"}],"curies":[{"name":"wp","href":"https:\/\/api.w.org\/{rel}","templated":true}]}}