{"id":54,"date":"2019-11-22T09:52:18","date_gmt":"2019-11-22T09:52:18","guid":{"rendered":"https:\/\/rlsekonomi.se\/?page_id=54"},"modified":"2024-04-06T12:54:10","modified_gmt":"2024-04-06T12:54:10","slug":"om-oss","status":"publish","type":"page","link":"https:\/\/rlsekonomi.se\/?page_id=54","title":{"rendered":"Om oss"},"content":{"rendered":"<div id=\"dslc-theme-content\"><div id=\"dslc-theme-content-inner\">\n<p>RLS Ekonomi startades 2018 av Gunnar Ax\u00e9n och best\u00e5r idag av ett team p\u00e5 fyra personer med l\u00e5ng erfarenhet av bokf\u00f6ring, redovisning, skatteadministration, l\u00f6neredovisning, bolagsbildningar, juridisk r\u00e5dgivning och myndighetskontakter.<\/p>\n\n\n\n<p>Vi har idag \u00f6ver 80 kunder inom f\u00f6rs\u00e4ljning, fastigheter, hantverk, media och tj\u00e4nstesektorn. <\/p>\n<\/div><\/div>","protected":false},"excerpt":{"rendered":"<p>RLS Ekonomi startades 2018 av Gunnar Ax\u00e9n och best\u00e5r idag av ett team p\u00e5 fyra personer med l\u00e5ng erfarenhet av bokf\u00f6ring, redovisning, skatteadministration, l\u00f6neredovisning, bolagsbildningar, juridisk r\u00e5dgivning och myndighetskontakter. Vi har idag \u00f6ver 80 kunder inom f\u00f6rs\u00e4ljning, fastigheter, hantverk, media och tj\u00e4nstesektorn.<\/p>\n","protected":false},"author":1,"featured_media":0,"parent":0,"menu_order":0,"comment_status":"closed","ping_status":"open","template":"","meta":{"footnotes":""},"class_list":["post-54","page","type-page","status-publish","hentry"],"aioseo_notices":[],"yoast_head":"<!-- This site is optimized with the Yoast SEO plugin v26.1 - https:\/\/yoast.com\/wordpress\/plugins\/seo\/ -->\n<title>Om oss - Startsida<\/title>\n<meta name=\"robots\" content=\"index, follow, max-snippet:-1, max-image-preview:large, max-video-preview:-1\" \/>\n<link rel=\"canonical\" href=\"https:\/\/rlsekonomi.se\/?page_id=54\" \/>\n<meta property=\"og:locale\" content=\"en_US\" \/>\n<meta property=\"og:type\" content=\"article\" \/>\n<meta property=\"og:title\" content=\"Om oss - Startsida\" \/>\n<meta property=\"og:description\" content=\"RLS Ekonomi startades 2018 av Gunnar Ax\u00e9n och best\u00e5r idag av ett team p\u00e5 fyra personer med l\u00e5ng erfarenhet av bokf\u00f6ring, redovisning, skatteadministration, l\u00f6neredovisning, bolagsbildningar, juridisk r\u00e5dgivning och myndighetskontakter. Vi har idag \u00f6ver 80 kunder inom f\u00f6rs\u00e4ljning, fastigheter, hantverk, media och tj\u00e4nstesektorn.\" \/>\n<meta property=\"og:url\" content=\"https:\/\/rlsekonomi.se\/?page_id=54\" \/>\n<meta property=\"og:site_name\" content=\"Startsida\" \/>\n<meta property=\"article:modified_time\" content=\"2024-04-06T12:54:10+00:00\" \/>\n<meta name=\"twitter:card\" content=\"summary_large_image\" \/>\n<script type=\"application\/ld+json\" class=\"yoast-schema-graph\">{\"@context\":\"https:\/\/schema.org\",\"@graph\":[{\"@type\":\"WebPage\",\"@id\":\"https:\/\/rlsekonomi.se\/?page_id=54\",\"url\":\"https:\/\/rlsekonomi.se\/?page_id=54\",\"name\":\"Om oss - Startsida\",\"isPartOf\":{\"@id\":\"https:\/\/rlsekonomi.se\/#website\"},\"datePublished\":\"2019-11-22T09:52:18+00:00\",\"dateModified\":\"2024-04-06T12:54:10+00:00\",\"breadcrumb\":{\"@id\":\"https:\/\/rlsekonomi.se\/?page_id=54#breadcrumb\"},\"inLanguage\":\"en-US\",\"potentialAction\":[{\"@type\":\"ReadAction\",\"target\":[\"https:\/\/rlsekonomi.se\/?page_id=54\"]}]},{\"@type\":\"BreadcrumbList\",\"@id\":\"https:\/\/rlsekonomi.se\/?page_id=54#breadcrumb\",\"itemListElement\":[{\"@type\":\"ListItem\",\"position\":1,\"name\":\"Home\",\"item\":\"https:\/\/rlsekonomi.se\/\"},{\"@type\":\"ListItem\",\"position\":2,\"name\":\"Om oss\"}]},{\"@type\":\"WebSite\",\"@id\":\"https:\/\/rlsekonomi.se\/#website\",\"url\":\"https:\/\/rlsekonomi.se\/\",\"name\":\"Startsida\",\"description\":\"F\u00f6retagarens b\u00e4sta v\u00e4n\",\"publisher\":{\"@id\":\"https:\/\/rlsekonomi.se\/#organization\"},\"potentialAction\":[{\"@type\":\"SearchAction\",\"target\":{\"@type\":\"EntryPoint\",\"urlTemplate\":\"https:\/\/rlsekonomi.se\/?s={search_term_string}\"},\"query-input\":{\"@type\":\"PropertyValueSpecification\",\"valueRequired\":true,\"valueName\":\"search_term_string\"}}],\"inLanguage\":\"en-US\"},{\"@type\":\"Organization\",\"@id\":\"https:\/\/rlsekonomi.se\/#organization\",\"name\":\"Startsida\",\"url\":\"https:\/\/rlsekonomi.se\/\",\"logo\":{\"@type\":\"ImageObject\",\"inLanguage\":\"en-US\",\"@id\":\"https:\/\/rlsekonomi.se\/#\/schema\/logo\/image\/\",\"url\":\"https:\/\/rlsekonomi.se\/wp-content\/uploads\/2019\/11\/cropped-cropped-RLS-stor-12.jpg\",\"contentUrl\":\"https:\/\/rlsekonomi.se\/wp-content\/uploads\/2019\/11\/cropped-cropped-RLS-stor-12.jpg\",\"width\":1100,\"height\":348,\"caption\":\"Startsida\"},\"image\":{\"@id\":\"https:\/\/rlsekonomi.se\/#\/schema\/logo\/image\/\"}}]}<\/script>\n<!-- \/ Yoast SEO plugin. -->","yoast_head_json":{"title":"Om oss - Startsida","robots":{"index":"index","follow":"follow","max-snippet":"max-snippet:-1","max-image-preview":"max-image-preview:large","max-video-preview":"max-video-preview:-1"},"canonical":"https:\/\/rlsekonomi.se\/?page_id=54","og_locale":"en_US","og_type":"article","og_title":"Om oss - Startsida","og_description":"RLS Ekonomi startades 2018 av Gunnar Ax\u00e9n och best\u00e5r idag av ett team p\u00e5 fyra personer med l\u00e5ng erfarenhet av bokf\u00f6ring, redovisning, skatteadministration, l\u00f6neredovisning, bolagsbildningar, juridisk r\u00e5dgivning och myndighetskontakter. Vi har idag \u00f6ver 80 kunder inom f\u00f6rs\u00e4ljning, fastigheter, hantverk, media och tj\u00e4nstesektorn.","og_url":"https:\/\/rlsekonomi.se\/?page_id=54","og_site_name":"Startsida","article_modified_time":"2024-04-06T12:54:10+00:00","twitter_card":"summary_large_image","schema":{"@context":"https:\/\/schema.org","@graph":[{"@type":"WebPage","@id":"https:\/\/rlsekonomi.se\/?page_id=54","url":"https:\/\/rlsekonomi.se\/?page_id=54","name":"Om oss - Startsida","isPartOf":{"@id":"https:\/\/rlsekonomi.se\/#website"},"datePublished":"2019-11-22T09:52:18+00:00","dateModified":"2024-04-06T12:54:10+00:00","breadcrumb":{"@id":"https:\/\/rlsekonomi.se\/?page_id=54#breadcrumb"},"inLanguage":"en-US","potentialAction":[{"@type":"ReadAction","target":["https:\/\/rlsekonomi.se\/?page_id=54"]}]},{"@type":"BreadcrumbList","@id":"https:\/\/rlsekonomi.se\/?page_id=54#breadcrumb","itemListElement":[{"@type":"ListItem","position":1,"name":"Home","item":"https:\/\/rlsekonomi.se\/"},{"@type":"ListItem","position":2,"name":"Om oss"}]},{"@type":"WebSite","@id":"https:\/\/rlsekonomi.se\/#website","url":"https:\/\/rlsekonomi.se\/","name":"Startsida","description":"F\u00f6retagarens b\u00e4sta v\u00e4n","publisher":{"@id":"https:\/\/rlsekonomi.se\/#organization"},"potentialAction":[{"@type":"SearchAction","target":{"@type":"EntryPoint","urlTemplate":"https:\/\/rlsekonomi.se\/?s={search_term_string}"},"query-input":{"@type":"PropertyValueSpecification","valueRequired":true,"valueName":"search_term_string"}}],"inLanguage":"en-US"},{"@type":"Organization","@id":"https:\/\/rlsekonomi.se\/#organization","name":"Startsida","url":"https:\/\/rlsekonomi.se\/","logo":{"@type":"ImageObject","inLanguage":"en-US","@id":"https:\/\/rlsekonomi.se\/#\/schema\/logo\/image\/","url":"https:\/\/rlsekonomi.se\/wp-content\/uploads\/2019\/11\/cropped-cropped-RLS-stor-12.jpg","contentUrl":"https:\/\/rlsekonomi.se\/wp-content\/uploads\/2019\/11\/cropped-cropped-RLS-stor-12.jpg","width":1100,"height":348,"caption":"Startsida"},"image":{"@id":"https:\/\/rlsekonomi.se\/#\/schema\/logo\/image\/"}}]}},"_links":{"self":[{"href":"https:\/\/rlsekonomi.se\/index.php?rest_route=\/wp\/v2\/pages\/54","targetHints":{"allow":["GET"]}}],"collection":[{"href":"https:\/\/rlsekonomi.se\/index.php?rest_route=\/wp\/v2\/pages"}],"about":[{"href":"https:\/\/rlsekonomi.se\/index.php?rest_route=\/wp\/v2\/types\/page"}],"author":[{"embeddable":true,"href":"https:\/\/rlsekonomi.se\/index.php?rest_route=\/wp\/v2\/users\/1"}],"replies":[{"embeddable":true,"href":"https:\/\/rlsekonomi.se\/index.php?rest_route=%2Fwp%2Fv2%2Fcomments&post=54"}],"version-history":[{"count":4,"href":"https:\/\/rlsekonomi.se\/index.php?rest_route=\/wp\/v2\/pages\/54\/revisions"}],"predecessor-version":[{"id":271,"href":"https:\/\/rlsekonomi.se\/index.php?rest_route=\/wp\/v2\/pages\/54\/revisions\/271"}],"wp:attachment":[{"href":"https:\/\/rlsekonomi.se\/index.php?rest_route=%2Fwp%2Fv2%2Fmedia&parent=54"}],"curies":[{"name":"wp","href":"https:\/\/api.w.org\/{rel}","templated":true}]}}